{"id":81,"date":"2023-04-24T15:26:28","date_gmt":"2023-04-24T15:26:28","guid":{"rendered":"https:\/\/agencialiderdigital.dev.br\/projetos\/colegio-da-imaculada-conceicao\/?page_id=81"},"modified":"2023-04-24T19:23:06","modified_gmt":"2023-04-24T19:23:06","slug":"administrativo","status":"publish","type":"page","link":"https:\/\/agencialiderdigital.dev.br\/projetos\/colegio-da-imaculada-conceicao\/administrativo\/","title":{"rendered":"Administrativo"},"content":{"rendered":"\t\t<div data-elementor-type=\"wp-page\" data-elementor-id=\"81\" class=\"elementor elementor-81\">\n\t\t\t\t\t\t\t<div class=\"elementor-element elementor-element-a80b2fd e-flex e-con-boxed e-con\" data-id=\"a80b2fd\" data-element_type=\"container\" data-settings=\"{&quot;content_width&quot;:&quot;boxed&quot;}\">\n\t\t\t\t\t<div class=\"e-con-inner\">\n\t\t\t\t<div class=\"elementor-element elementor-element-4afe083 elementor-widget__width-inherit elementor-widget elementor-widget-heading\" data-id=\"4afe083\" data-element_type=\"widget\" data-widget_type=\"heading.default\">\n\t\t\t\t<div class=\"elementor-widget-container\">\n\t\t\t<style>\/*! elementor - v3.15.0 - 20-08-2023 *\/\n.elementor-heading-title{padding:0;margin:0;line-height:1}.elementor-widget-heading .elementor-heading-title[class*=elementor-size-]>a{color:inherit;font-size:inherit;line-height:inherit}.elementor-widget-heading .elementor-heading-title.elementor-size-small{font-size:15px}.elementor-widget-heading .elementor-heading-title.elementor-size-medium{font-size:19px}.elementor-widget-heading .elementor-heading-title.elementor-size-large{font-size:29px}.elementor-widget-heading .elementor-heading-title.elementor-size-xl{font-size:39px}.elementor-widget-heading .elementor-heading-title.elementor-size-xxl{font-size:59px}<\/style><h2 class=\"elementor-heading-title elementor-size-default\">Administrativo<\/h2>\t\t<\/div>\n\t\t\t\t<\/div>\n\t\t\t\t<div class=\"elementor-element elementor-element-1d390e6 elementor-widget__width-inherit elementor-widget elementor-widget-heading\" data-id=\"1d390e6\" data-element_type=\"widget\" data-widget_type=\"heading.default\">\n\t\t\t\t<div class=\"elementor-widget-container\">\n\t\t\t<h2 class=\"elementor-heading-title elementor-size-default\">Seja bem-vindo (a) ao nosso<br>setor administrativo<\/h2>\t\t<\/div>\n\t\t\t\t<\/div>\n\t\t\t\t<div class=\"elementor-element elementor-element-b80f838 elementor-widget__width-initial elementor-widget elementor-widget-image\" data-id=\"b80f838\" data-element_type=\"widget\" data-widget_type=\"image.default\">\n\t\t\t\t<div class=\"elementor-widget-container\">\n\t\t\t<style>\/*! elementor - v3.15.0 - 20-08-2023 *\/\n.elementor-widget-image{text-align:center}.elementor-widget-image a{display:inline-block}.elementor-widget-image a img[src$=\".svg\"]{width:48px}.elementor-widget-image img{vertical-align:middle;display:inline-block}<\/style>\t\t\t\t\t\t\t\t\t\t\t\t\t<a href=\"#\">\n\t\t\t\t\t\t\t<img decoding=\"async\" width=\"350\" height=\"258\" src=\"https:\/\/agencialiderdigital.dev.br\/projetos\/colegio-da-imaculada-conceicao\/wp-content\/uploads\/2023\/04\/1.webp\" class=\"attachment-full size-full wp-image-18\" alt=\"\" loading=\"lazy\" srcset=\"https:\/\/agencialiderdigital.dev.br\/projetos\/colegio-da-imaculada-conceicao\/wp-content\/uploads\/2023\/04\/1.webp 350w, https:\/\/agencialiderdigital.dev.br\/projetos\/colegio-da-imaculada-conceicao\/wp-content\/uploads\/2023\/04\/1-300x221.webp 300w\" sizes=\"(max-width: 350px) 100vw, 350px\" \/>\t\t\t\t\t\t\t\t<\/a>\n\t\t\t\t\t\t\t\t\t\t\t\t\t\t\t<\/div>\n\t\t\t\t<\/div>\n\t\t\t\t<div class=\"elementor-element elementor-element-ba421ca elementor-widget__width-initial elementor-widget elementor-widget-image\" data-id=\"ba421ca\" data-element_type=\"widget\" data-widget_type=\"image.default\">\n\t\t\t\t<div class=\"elementor-widget-container\">\n\t\t\t\t\t\t\t\t\t\t\t\t\t\t\t\t<a href=\"#\">\n\t\t\t\t\t\t\t<img decoding=\"async\" width=\"350\" height=\"258\" src=\"https:\/\/agencialiderdigital.dev.br\/projetos\/colegio-da-imaculada-conceicao\/wp-content\/uploads\/2023\/04\/2.webp\" class=\"attachment-full size-full wp-image-20\" alt=\"\" loading=\"lazy\" srcset=\"https:\/\/agencialiderdigital.dev.br\/projetos\/colegio-da-imaculada-conceicao\/wp-content\/uploads\/2023\/04\/2.webp 350w, https:\/\/agencialiderdigital.dev.br\/projetos\/colegio-da-imaculada-conceicao\/wp-content\/uploads\/2023\/04\/2-300x221.webp 300w\" sizes=\"(max-width: 350px) 100vw, 350px\" \/>\t\t\t\t\t\t\t\t<\/a>\n\t\t\t\t\t\t\t\t\t\t\t\t\t\t\t<\/div>\n\t\t\t\t<\/div>\n\t\t\t\t<div class=\"elementor-element elementor-element-2b854dd elementor-widget__width-initial elementor-widget elementor-widget-image\" data-id=\"2b854dd\" data-element_type=\"widget\" data-widget_type=\"image.default\">\n\t\t\t\t<div class=\"elementor-widget-container\">\n\t\t\t\t\t\t\t\t\t\t\t\t\t\t\t\t<a href=\"#\">\n\t\t\t\t\t\t\t<img decoding=\"async\" width=\"350\" height=\"258\" src=\"https:\/\/agencialiderdigital.dev.br\/projetos\/colegio-da-imaculada-conceicao\/wp-content\/uploads\/2023\/04\/3.webp\" class=\"attachment-full size-full wp-image-25\" alt=\"\" loading=\"lazy\" srcset=\"https:\/\/agencialiderdigital.dev.br\/projetos\/colegio-da-imaculada-conceicao\/wp-content\/uploads\/2023\/04\/3.webp 350w, https:\/\/agencialiderdigital.dev.br\/projetos\/colegio-da-imaculada-conceicao\/wp-content\/uploads\/2023\/04\/3-300x221.webp 300w\" sizes=\"(max-width: 350px) 100vw, 350px\" \/>\t\t\t\t\t\t\t\t<\/a>\n\t\t\t\t\t\t\t\t\t\t\t\t\t\t\t<\/div>\n\t\t\t\t<\/div>\n\t\t\t\t<div class=\"elementor-element elementor-element-0923ed1 elementor-widget__width-initial elementor-widget elementor-widget-image\" data-id=\"0923ed1\" data-element_type=\"widget\" data-widget_type=\"image.default\">\n\t\t\t\t<div class=\"elementor-widget-container\">\n\t\t\t\t\t\t\t\t\t\t\t\t\t\t\t\t<a href=\"#\">\n\t\t\t\t\t\t\t<img decoding=\"async\" width=\"350\" height=\"258\" src=\"https:\/\/agencialiderdigital.dev.br\/projetos\/colegio-da-imaculada-conceicao\/wp-content\/uploads\/2023\/04\/2-copiar.webp\" class=\"attachment-full size-full wp-image-21\" alt=\"\" loading=\"lazy\" srcset=\"https:\/\/agencialiderdigital.dev.br\/projetos\/colegio-da-imaculada-conceicao\/wp-content\/uploads\/2023\/04\/2-copiar.webp 350w, https:\/\/agencialiderdigital.dev.br\/projetos\/colegio-da-imaculada-conceicao\/wp-content\/uploads\/2023\/04\/2-copiar-300x221.webp 300w\" sizes=\"(max-width: 350px) 100vw, 350px\" \/>\t\t\t\t\t\t\t\t<\/a>\n\t\t\t\t\t\t\t\t\t\t\t\t\t\t\t<\/div>\n\t\t\t\t<\/div>\n\t\t\t\t<div class=\"elementor-element elementor-element-2c5a348 elementor-widget__width-initial elementor-widget elementor-widget-image\" data-id=\"2c5a348\" data-element_type=\"widget\" data-widget_type=\"image.default\">\n\t\t\t\t<div class=\"elementor-widget-container\">\n\t\t\t\t\t\t\t\t\t\t\t\t\t\t\t\t<a href=\"#\">\n\t\t\t\t\t\t\t<img decoding=\"async\" width=\"350\" height=\"258\" src=\"https:\/\/agencialiderdigital.dev.br\/projetos\/colegio-da-imaculada-conceicao\/wp-content\/uploads\/2023\/04\/3-copiar.webp\" class=\"attachment-full size-full wp-image-26\" alt=\"\" loading=\"lazy\" srcset=\"https:\/\/agencialiderdigital.dev.br\/projetos\/colegio-da-imaculada-conceicao\/wp-content\/uploads\/2023\/04\/3-copiar.webp 350w, https:\/\/agencialiderdigital.dev.br\/projetos\/colegio-da-imaculada-conceicao\/wp-content\/uploads\/2023\/04\/3-copiar-300x221.webp 300w\" sizes=\"(max-width: 350px) 100vw, 350px\" \/>\t\t\t\t\t\t\t\t<\/a>\n\t\t\t\t\t\t\t\t\t\t\t\t\t\t\t<\/div>\n\t\t\t\t<\/div>\n\t\t\t\t\t<\/div>\n\t\t\t\t<\/div>\n\t\t\t\t\t\t\t<\/div>\n\t\t","protected":false},"excerpt":{"rendered":"<p>Administrativo Seja bem-vindo (a) ao nossosetor administrativo<\/p>\n","protected":false},"author":1,"featured_media":0,"parent":0,"menu_order":0,"comment_status":"closed","ping_status":"closed","template":"elementor_header_footer","meta":{"_joinchat":[]},"yoast_head":"<!-- This site is optimized with the Yoast SEO plugin v21.0 - https:\/\/yoast.com\/wordpress\/plugins\/seo\/ -->\n<title>Administrativo - Col\u00e9gio da Imaculada Concei\u00e7\u00e3o<\/title>\n<meta name=\"robots\" content=\"index, follow, max-snippet:-1, max-image-preview:large, max-video-preview:-1\" \/>\n<link rel=\"canonical\" href=\"https:\/\/agencialiderdigital.dev.br\/projetos\/colegio-da-imaculada-conceicao\/administrativo\/\" \/>\n<meta property=\"og:locale\" content=\"pt_BR\" \/>\n<meta property=\"og:type\" content=\"article\" \/>\n<meta property=\"og:title\" content=\"Administrativo - Col\u00e9gio da Imaculada Concei\u00e7\u00e3o\" \/>\n<meta property=\"og:description\" content=\"Administrativo Seja bem-vindo (a) ao nossosetor administrativo\" \/>\n<meta property=\"og:url\" content=\"https:\/\/agencialiderdigital.dev.br\/projetos\/colegio-da-imaculada-conceicao\/administrativo\/\" \/>\n<meta property=\"og:site_name\" content=\"Col\u00e9gio da Imaculada Concei\u00e7\u00e3o\" \/>\n<meta property=\"article:modified_time\" content=\"2023-04-24T19:23:06+00:00\" \/>\n<meta property=\"og:image\" content=\"https:\/\/agencialiderdigital.dev.br\/projetos\/colegio-da-imaculada-conceicao\/wp-content\/uploads\/2023\/04\/1.webp\" \/>\n<meta name=\"twitter:card\" content=\"summary_large_image\" \/>\n<meta name=\"twitter:label1\" content=\"Est. tempo de leitura\" \/>\n\t<meta name=\"twitter:data1\" content=\"2 minutos\" \/>\n<script type=\"application\/ld+json\" class=\"yoast-schema-graph\">{\"@context\":\"https:\/\/schema.org\",\"@graph\":[{\"@type\":\"WebPage\",\"@id\":\"https:\/\/agencialiderdigital.dev.br\/projetos\/colegio-da-imaculada-conceicao\/administrativo\/\",\"url\":\"https:\/\/agencialiderdigital.dev.br\/projetos\/colegio-da-imaculada-conceicao\/administrativo\/\",\"name\":\"Administrativo - Col\u00e9gio da Imaculada Concei\u00e7\u00e3o\",\"isPartOf\":{\"@id\":\"https:\/\/agencialiderdigital.dev.br\/projetos\/colegio-da-imaculada-conceicao\/#website\"},\"datePublished\":\"2023-04-24T15:26:28+00:00\",\"dateModified\":\"2023-04-24T19:23:06+00:00\",\"breadcrumb\":{\"@id\":\"https:\/\/agencialiderdigital.dev.br\/projetos\/colegio-da-imaculada-conceicao\/administrativo\/#breadcrumb\"},\"inLanguage\":\"pt-BR\",\"potentialAction\":[{\"@type\":\"ReadAction\",\"target\":[\"https:\/\/agencialiderdigital.dev.br\/projetos\/colegio-da-imaculada-conceicao\/administrativo\/\"]}]},{\"@type\":\"BreadcrumbList\",\"@id\":\"https:\/\/agencialiderdigital.dev.br\/projetos\/colegio-da-imaculada-conceicao\/administrativo\/#breadcrumb\",\"itemListElement\":[{\"@type\":\"ListItem\",\"position\":1,\"name\":\"Home\",\"item\":\"https:\/\/agencialiderdigital.dev.br\/projetos\/colegio-da-imaculada-conceicao\/\"},{\"@type\":\"ListItem\",\"position\":2,\"name\":\"Administrativo\"}]},{\"@type\":\"WebSite\",\"@id\":\"https:\/\/agencialiderdigital.dev.br\/projetos\/colegio-da-imaculada-conceicao\/#website\",\"url\":\"https:\/\/agencialiderdigital.dev.br\/projetos\/colegio-da-imaculada-conceicao\/\",\"name\":\"Col\u00e9gio da Imaculada Concei\u00e7\u00e3o\",\"description\":\"Col&eacute;gio da Imaculada Concei&ccedil;&atilde;o\",\"potentialAction\":[{\"@type\":\"SearchAction\",\"target\":{\"@type\":\"EntryPoint\",\"urlTemplate\":\"https:\/\/agencialiderdigital.dev.br\/projetos\/colegio-da-imaculada-conceicao\/?s={search_term_string}\"},\"query-input\":\"required name=search_term_string\"}],\"inLanguage\":\"pt-BR\"}]}<\/script>\n<!-- \/ Yoast SEO plugin. -->","yoast_head_json":{"title":"Administrativo - Col\u00e9gio da Imaculada Concei\u00e7\u00e3o","robots":{"index":"index","follow":"follow","max-snippet":"max-snippet:-1","max-image-preview":"max-image-preview:large","max-video-preview":"max-video-preview:-1"},"canonical":"https:\/\/agencialiderdigital.dev.br\/projetos\/colegio-da-imaculada-conceicao\/administrativo\/","og_locale":"pt_BR","og_type":"article","og_title":"Administrativo - Col\u00e9gio da Imaculada Concei\u00e7\u00e3o","og_description":"Administrativo Seja bem-vindo (a) ao nossosetor administrativo","og_url":"https:\/\/agencialiderdigital.dev.br\/projetos\/colegio-da-imaculada-conceicao\/administrativo\/","og_site_name":"Col\u00e9gio da Imaculada Concei\u00e7\u00e3o","article_modified_time":"2023-04-24T19:23:06+00:00","og_image":[{"url":"https:\/\/agencialiderdigital.dev.br\/projetos\/colegio-da-imaculada-conceicao\/wp-content\/uploads\/2023\/04\/1.webp"}],"twitter_card":"summary_large_image","twitter_misc":{"Est. tempo de leitura":"2 minutos"},"schema":{"@context":"https:\/\/schema.org","@graph":[{"@type":"WebPage","@id":"https:\/\/agencialiderdigital.dev.br\/projetos\/colegio-da-imaculada-conceicao\/administrativo\/","url":"https:\/\/agencialiderdigital.dev.br\/projetos\/colegio-da-imaculada-conceicao\/administrativo\/","name":"Administrativo - Col\u00e9gio da Imaculada Concei\u00e7\u00e3o","isPartOf":{"@id":"https:\/\/agencialiderdigital.dev.br\/projetos\/colegio-da-imaculada-conceicao\/#website"},"datePublished":"2023-04-24T15:26:28+00:00","dateModified":"2023-04-24T19:23:06+00:00","breadcrumb":{"@id":"https:\/\/agencialiderdigital.dev.br\/projetos\/colegio-da-imaculada-conceicao\/administrativo\/#breadcrumb"},"inLanguage":"pt-BR","potentialAction":[{"@type":"ReadAction","target":["https:\/\/agencialiderdigital.dev.br\/projetos\/colegio-da-imaculada-conceicao\/administrativo\/"]}]},{"@type":"BreadcrumbList","@id":"https:\/\/agencialiderdigital.dev.br\/projetos\/colegio-da-imaculada-conceicao\/administrativo\/#breadcrumb","itemListElement":[{"@type":"ListItem","position":1,"name":"Home","item":"https:\/\/agencialiderdigital.dev.br\/projetos\/colegio-da-imaculada-conceicao\/"},{"@type":"ListItem","position":2,"name":"Administrativo"}]},{"@type":"WebSite","@id":"https:\/\/agencialiderdigital.dev.br\/projetos\/colegio-da-imaculada-conceicao\/#website","url":"https:\/\/agencialiderdigital.dev.br\/projetos\/colegio-da-imaculada-conceicao\/","name":"Col\u00e9gio da Imaculada Concei\u00e7\u00e3o","description":"Col&eacute;gio da Imaculada Concei&ccedil;&atilde;o","potentialAction":[{"@type":"SearchAction","target":{"@type":"EntryPoint","urlTemplate":"https:\/\/agencialiderdigital.dev.br\/projetos\/colegio-da-imaculada-conceicao\/?s={search_term_string}"},"query-input":"required name=search_term_string"}],"inLanguage":"pt-BR"}]}},"_links":{"self":[{"href":"https:\/\/agencialiderdigital.dev.br\/projetos\/colegio-da-imaculada-conceicao\/wp-json\/wp\/v2\/pages\/81"}],"collection":[{"href":"https:\/\/agencialiderdigital.dev.br\/projetos\/colegio-da-imaculada-conceicao\/wp-json\/wp\/v2\/pages"}],"about":[{"href":"https:\/\/agencialiderdigital.dev.br\/projetos\/colegio-da-imaculada-conceicao\/wp-json\/wp\/v2\/types\/page"}],"author":[{"embeddable":true,"href":"https:\/\/agencialiderdigital.dev.br\/projetos\/colegio-da-imaculada-conceicao\/wp-json\/wp\/v2\/users\/1"}],"replies":[{"embeddable":true,"href":"https:\/\/agencialiderdigital.dev.br\/projetos\/colegio-da-imaculada-conceicao\/wp-json\/wp\/v2\/comments?post=81"}],"version-history":[{"count":7,"href":"https:\/\/agencialiderdigital.dev.br\/projetos\/colegio-da-imaculada-conceicao\/wp-json\/wp\/v2\/pages\/81\/revisions"}],"predecessor-version":[{"id":248,"href":"https:\/\/agencialiderdigital.dev.br\/projetos\/colegio-da-imaculada-conceicao\/wp-json\/wp\/v2\/pages\/81\/revisions\/248"}],"wp:attachment":[{"href":"https:\/\/agencialiderdigital.dev.br\/projetos\/colegio-da-imaculada-conceicao\/wp-json\/wp\/v2\/media?parent=81"}],"curies":[{"name":"wp","href":"https:\/\/api.w.org\/{rel}","templated":true}]}}