{"id":13,"date":"2023-03-16T14:26:56","date_gmt":"2023-03-16T14:26:56","guid":{"rendered":"http:\/\/agencialiderdigital.dev.br\/projetos\/bendo-abertura\/?page_id=13"},"modified":"2023-03-20T18:08:12","modified_gmt":"2023-03-20T18:08:12","slug":"quem-somos","status":"publish","type":"page","link":"https:\/\/agencialiderdigital.dev.br\/projetos\/bendo-abertura\/quem-somos\/","title":{"rendered":"quem somos"},"content":{"rendered":"\t\t<div data-elementor-type=\"wp-page\" data-elementor-id=\"13\" class=\"elementor elementor-13\">\n\t\t\t\t\t\t\t<div class=\"elementor-element elementor-element-e61625d e-con-boxed e-con\" data-id=\"e61625d\" data-element_type=\"container\" data-settings=\"{&quot;background_background&quot;:&quot;classic&quot;,&quot;content_width&quot;:&quot;boxed&quot;}\">\n\t\t\t\t\t<div class=\"e-con-inner\">\n\t\t<div class=\"elementor-element elementor-element-b9336be e-con-boxed e-con\" data-id=\"b9336be\" data-element_type=\"container\" data-settings=\"{&quot;content_width&quot;:&quot;boxed&quot;}\">\n\t\t\t\t\t<div class=\"e-con-inner\">\n\t\t\t\t<div class=\"elementor-element elementor-element-ba0d158 elementor-widget__width-initial elementor-widget elementor-widget-image\" data-id=\"ba0d158\" data-element_type=\"widget\" data-widget_type=\"image.default\">\n\t\t\t\t<div class=\"elementor-widget-container\">\n\t\t\t\t\t\t\t\t\t\t\t\t\t\t\t<img decoding=\"async\" width=\"198\" height=\"189\" src=\"https:\/\/agencialiderdigital.dev.br\/projetos\/bendo-abertura\/wp-content\/uploads\/2023\/03\/logo-qsm.png\" class=\"attachment-large size-large wp-image-483\" alt=\"\" \/>\t\t\t\t\t\t\t\t\t\t\t\t\t\t\t<\/div>\n\t\t\t\t<\/div>\n\t\t\t\t<div class=\"elementor-element elementor-element-320e429 elementor-widget elementor-widget-heading\" data-id=\"320e429\" data-element_type=\"widget\" data-widget_type=\"heading.default\">\n\t\t\t\t<div class=\"elementor-widget-container\">\n\t\t\t<h2 class=\"elementor-heading-title elementor-size-default\">Desde 2020 distribuindo <strong>pe\u00e7as, <br>\nacess\u00f3rios<\/strong> e <strong>insumos agr\u00edcolas!<\/strong><\/h2>\t\t<\/div>\n\t\t\t\t<\/div>\n\t\t\t\t\t<\/div>\n\t\t\t\t<\/div>\n\t\t\t\t<div class=\"elementor-element elementor-element-29bfdb8 elementor-widget__width-initial elementor-widget-tablet__width-inherit elementor-widget-mobile__width-inherit elementor-widget elementor-widget-text-editor\" data-id=\"29bfdb8\" data-element_type=\"widget\" data-widget_type=\"text-editor.default\">\n\t\t\t\t<div class=\"elementor-widget-container\">\n\t\t\t\t\t\t\t<p>Uma empresa do Grupo Bendo. Atualmente o seguimento possui duas lojas, uma localizada no munic\u00edpio de Ermo\/SC (anexo a matriz do Grupo Bendo) e outra na cidade de Ararangu\u00e1\/SC.<\/p><p>A Bendo Distribuidora Agroparts atua no mercado desde 2020, distribuindo insumos agr\u00edcolas, pe\u00e7as e acess\u00f3rios para caminh\u00f5es e carretas, m\u00e1quinas, ferramentas e equipamentos para manuten\u00e7\u00e3o industrial.<\/p><p>Conta com equipe t\u00e9cnica especializada e consultores comerciais que atuam na regi\u00e3o sul de Santa Catarina e litoral norte do Rio Grande do Sul.<\/p><p>Presta assist\u00eancia aos clientes garantindo qualidade no processo desde o plantio at\u00e9 a colheita.<\/p><p>\u00c9 a Bendo presente de ponta a ponta no atendimento do produtor ao consumidor final.<\/p>\t\t\t\t\t\t<\/div>\n\t\t\t\t<\/div>\n\t\t\t\t<div class=\"elementor-element elementor-element-abb47cf elementor-widget__width-initial elementor-widget-tablet__width-inherit elementor-widget elementor-widget-image\" data-id=\"abb47cf\" data-element_type=\"widget\" data-widget_type=\"image.default\">\n\t\t\t\t<div class=\"elementor-widget-container\">\n\t\t\t\t\t\t\t\t\t\t\t\t\t\t\t<img decoding=\"async\" width=\"375\" height=\"421\" src=\"https:\/\/agencialiderdigital.dev.br\/projetos\/bendo-abertura\/wp-content\/uploads\/2023\/03\/qsm.png\" class=\"attachment-large size-large wp-image-459\" alt=\"\" srcset=\"https:\/\/agencialiderdigital.dev.br\/projetos\/bendo-abertura\/wp-content\/uploads\/2023\/03\/qsm.png 375w, https:\/\/agencialiderdigital.dev.br\/projetos\/bendo-abertura\/wp-content\/uploads\/2023\/03\/qsm-267x300.png 267w\" sizes=\"(max-width: 375px) 100vw, 375px\" \/>\t\t\t\t\t\t\t\t\t\t\t\t\t\t\t<\/div>\n\t\t\t\t<\/div>\n\t\t\t\t\t<\/div>\n\t\t\t\t<\/div>\n\t\t<div class=\"elementor-element elementor-element-7a67b0f e-con-boxed e-con\" data-id=\"7a67b0f\" data-element_type=\"container\" data-settings=\"{&quot;content_width&quot;:&quot;boxed&quot;}\">\n\t\t\t\t\t<div class=\"e-con-inner\">\n\t\t\t\t<div class=\"elementor-element elementor-element-2344114 elementor-widget__width-initial elementor-widget-mobile__width-inherit elementor-position-top elementor-vertical-align-top elementor-widget elementor-widget-image-box\" data-id=\"2344114\" data-element_type=\"widget\" data-widget_type=\"image-box.default\">\n\t\t\t\t<div class=\"elementor-widget-container\">\n\t\t\t<div class=\"elementor-image-box-wrapper\"><figure class=\"elementor-image-box-img\"><img decoding=\"async\" width=\"43\" height=\"43\" src=\"https:\/\/agencialiderdigital.dev.br\/projetos\/bendo-abertura\/wp-content\/uploads\/2023\/03\/mvv-2.png\" class=\"attachment-full size-full wp-image-492\" alt=\"\" \/><\/figure><div class=\"elementor-image-box-content\"><h3 class=\"elementor-image-box-title\">Miss\u00e3o<\/h3><p class=\"elementor-image-box-description\">Transportar produtos por todo o Brasil, com agilidade nos processos e seguran\u00e7a no tr\u00e2nsito, contribuindo para o desenvolvimento do pa\u00eds.<\/p><\/div><\/div>\t\t<\/div>\n\t\t\t\t<\/div>\n\t\t\t\t<div class=\"elementor-element elementor-element-cf44551 elementor-widget__width-initial elementor-widget-mobile__width-inherit elementor-position-top elementor-vertical-align-top elementor-widget elementor-widget-image-box\" data-id=\"cf44551\" data-element_type=\"widget\" data-widget_type=\"image-box.default\">\n\t\t\t\t<div class=\"elementor-widget-container\">\n\t\t\t<div class=\"elementor-image-box-wrapper\"><figure class=\"elementor-image-box-img\"><img decoding=\"async\" width=\"50\" height=\"42\" src=\"https:\/\/agencialiderdigital.dev.br\/projetos\/bendo-abertura\/wp-content\/uploads\/2023\/03\/mvv-3.png\" class=\"attachment-full size-full wp-image-493\" alt=\"\" \/><\/figure><div class=\"elementor-image-box-content\"><h3 class=\"elementor-image-box-title\">Vis\u00e3o<\/h3><p class=\"elementor-image-box-description\">Ser uma empresa refer\u00eancia no setor de transporte no Brasil.<\/p><\/div><\/div>\t\t<\/div>\n\t\t\t\t<\/div>\n\t\t<div class=\"elementor-element elementor-element-c1b9585 e-con-full e-con\" data-id=\"c1b9585\" data-element_type=\"container\" data-settings=\"{&quot;content_width&quot;:&quot;full&quot;}\">\n\t\t\t\t<div class=\"elementor-element elementor-element-485259f elementor-widget__width-inherit elementor-position-top elementor-vertical-align-top elementor-widget elementor-widget-image-box\" data-id=\"485259f\" data-element_type=\"widget\" data-widget_type=\"image-box.default\">\n\t\t\t\t<div class=\"elementor-widget-container\">\n\t\t\t<div class=\"elementor-image-box-wrapper\"><figure class=\"elementor-image-box-img\"><img decoding=\"async\" width=\"50\" height=\"46\" src=\"https:\/\/agencialiderdigital.dev.br\/projetos\/bendo-abertura\/wp-content\/uploads\/2023\/03\/mvv-1.png\" class=\"attachment-full size-full wp-image-494\" alt=\"\" \/><\/figure><div class=\"elementor-image-box-content\"><h3 class=\"elementor-image-box-title\">Valores<\/h3><\/div><\/div>\t\t<\/div>\n\t\t\t\t<\/div>\n\t\t\t\t<div class=\"elementor-element elementor-element-8f5baa5 elementor-icon-list--layout-traditional elementor-list-item-link-full_width elementor-widget elementor-widget-icon-list\" data-id=\"8f5baa5\" data-element_type=\"widget\" data-widget_type=\"icon-list.default\">\n\t\t\t\t<div class=\"elementor-widget-container\">\n\t\t\t\t\t<ul class=\"elementor-icon-list-items\">\n\t\t\t\t\t\t\t<li class=\"elementor-icon-list-item\">\n\t\t\t\t\t\t\t\t\t\t\t<span class=\"elementor-icon-list-icon\">\n\t\t\t\t\t\t\t<i aria-hidden=\"true\" class=\"fas fa-check\"><\/i>\t\t\t\t\t\t<\/span>\n\t\t\t\t\t\t\t\t\t\t<span class=\"elementor-icon-list-text\">Humildade <\/span>\n\t\t\t\t\t\t\t\t\t<\/li>\n\t\t\t\t\t\t\t\t<li class=\"elementor-icon-list-item\">\n\t\t\t\t\t\t\t\t\t\t\t<span class=\"elementor-icon-list-icon\">\n\t\t\t\t\t\t\t<i aria-hidden=\"true\" class=\"fas fa-check\"><\/i>\t\t\t\t\t\t<\/span>\n\t\t\t\t\t\t\t\t\t\t<span class=\"elementor-icon-list-text\">Agilidade <\/span>\n\t\t\t\t\t\t\t\t\t<\/li>\n\t\t\t\t\t\t\t\t<li class=\"elementor-icon-list-item\">\n\t\t\t\t\t\t\t\t\t\t\t<span class=\"elementor-icon-list-icon\">\n\t\t\t\t\t\t\t<i aria-hidden=\"true\" class=\"fas fa-check\"><\/i>\t\t\t\t\t\t<\/span>\n\t\t\t\t\t\t\t\t\t\t<span class=\"elementor-icon-list-text\">Crescimento Sustent\u00e1vel <\/span>\n\t\t\t\t\t\t\t\t\t<\/li>\n\t\t\t\t\t\t\t\t<li class=\"elementor-icon-list-item\">\n\t\t\t\t\t\t\t\t\t\t\t<span class=\"elementor-icon-list-icon\">\n\t\t\t\t\t\t\t<i aria-hidden=\"true\" class=\"fas fa-check\"><\/i>\t\t\t\t\t\t<\/span>\n\t\t\t\t\t\t\t\t\t\t<span class=\"elementor-icon-list-text\">Transpar\u00eancia <\/span>\n\t\t\t\t\t\t\t\t\t<\/li>\n\t\t\t\t\t\t\t\t<li class=\"elementor-icon-list-item\">\n\t\t\t\t\t\t\t\t\t\t\t<span class=\"elementor-icon-list-icon\">\n\t\t\t\t\t\t\t<i aria-hidden=\"true\" class=\"fas fa-check\"><\/i>\t\t\t\t\t\t<\/span>\n\t\t\t\t\t\t\t\t\t\t<span class=\"elementor-icon-list-text\">Respeito \u00e0s pessoas <\/span>\n\t\t\t\t\t\t\t\t\t<\/li>\n\t\t\t\t\t\t\t\t<li class=\"elementor-icon-list-item\">\n\t\t\t\t\t\t\t\t\t\t\t<span class=\"elementor-icon-list-icon\">\n\t\t\t\t\t\t\t<i aria-hidden=\"true\" class=\"fas fa-check\"><\/i>\t\t\t\t\t\t<\/span>\n\t\t\t\t\t\t\t\t\t\t<span class=\"elementor-icon-list-text\">\u00c9tica <\/span>\n\t\t\t\t\t\t\t\t\t<\/li>\n\t\t\t\t\t\t\t\t<li class=\"elementor-icon-list-item\">\n\t\t\t\t\t\t\t\t\t\t\t<span class=\"elementor-icon-list-icon\">\n\t\t\t\t\t\t\t<i aria-hidden=\"true\" class=\"fas fa-check\"><\/i>\t\t\t\t\t\t<\/span>\n\t\t\t\t\t\t\t\t\t\t<span class=\"elementor-icon-list-text\">Valoriza\u00e7\u00e3o \u00e0 vida <\/span>\n\t\t\t\t\t\t\t\t\t<\/li>\n\t\t\t\t\t\t\t\t<li class=\"elementor-icon-list-item\">\n\t\t\t\t\t\t\t\t\t\t\t<span class=\"elementor-icon-list-icon\">\n\t\t\t\t\t\t\t<i aria-hidden=\"true\" class=\"fas fa-check\"><\/i>\t\t\t\t\t\t<\/span>\n\t\t\t\t\t\t\t\t\t\t<span class=\"elementor-icon-list-text\">Responsabilidade social <\/span>\n\t\t\t\t\t\t\t\t\t<\/li>\n\t\t\t\t\t\t\t\t<li class=\"elementor-icon-list-item\">\n\t\t\t\t\t\t\t\t\t\t\t<span class=\"elementor-icon-list-icon\">\n\t\t\t\t\t\t\t<i aria-hidden=\"true\" class=\"fas fa-check\"><\/i>\t\t\t\t\t\t<\/span>\n\t\t\t\t\t\t\t\t\t\t<span class=\"elementor-icon-list-text\">Trabalho em equipe<\/span>\n\t\t\t\t\t\t\t\t\t<\/li>\n\t\t\t\t\t\t<\/ul>\n\t\t\t\t<\/div>\n\t\t\t\t<\/div>\n\t\t\t\t<\/div>\n\t\t\t\t<div class=\"elementor-element elementor-element-32592f4 elementor-widget__width-inherit elementor-pagination-position-outside elementor-widget elementor-widget-image-carousel\" data-id=\"32592f4\" data-element_type=\"widget\" data-settings=\"{&quot;slides_to_show&quot;:&quot;4&quot;,&quot;slides_to_show_tablet&quot;:&quot;3&quot;,&quot;slides_to_show_mobile&quot;:&quot;1&quot;,&quot;navigation&quot;:&quot;dots&quot;,&quot;autoplay&quot;:&quot;yes&quot;,&quot;pause_on_hover&quot;:&quot;yes&quot;,&quot;pause_on_interaction&quot;:&quot;yes&quot;,&quot;autoplay_speed&quot;:5000,&quot;infinite&quot;:&quot;yes&quot;,&quot;speed&quot;:500,&quot;image_spacing_custom&quot;:{&quot;unit&quot;:&quot;px&quot;,&quot;size&quot;:20,&quot;sizes&quot;:[]},&quot;image_spacing_custom_tablet&quot;:{&quot;unit&quot;:&quot;px&quot;,&quot;size&quot;:&quot;&quot;,&quot;sizes&quot;:[]}}\" data-widget_type=\"image-carousel.default\">\n\t\t\t\t<div class=\"elementor-widget-container\">\n\t\t\t\t\t<div class=\"elementor-image-carousel-wrapper swiper\" dir=\"ltr\">\n\t\t\t<div class=\"elementor-image-carousel swiper-wrapper\">\n\t\t\t\t\t\t\t\t<div class=\"swiper-slide\"><figure class=\"swiper-slide-inner\"><img decoding=\"async\" class=\"swiper-slide-image\" src=\"https:\/\/agencialiderdigital.dev.br\/projetos\/bendo-abertura\/wp-content\/uploads\/2023\/03\/galeriasaa-Copia-2.png\" alt=\"galeriasaa - Copia (2)\" \/><\/figure><\/div><div class=\"swiper-slide\"><figure class=\"swiper-slide-inner\"><img decoding=\"async\" class=\"swiper-slide-image\" src=\"https:\/\/agencialiderdigital.dev.br\/projetos\/bendo-abertura\/wp-content\/uploads\/2023\/03\/galeriasaa-Copia-3.png\" alt=\"galeriasaa - Copia (3)\" \/><\/figure><\/div><div class=\"swiper-slide\"><figure class=\"swiper-slide-inner\"><img decoding=\"async\" class=\"swiper-slide-image\" src=\"https:\/\/agencialiderdigital.dev.br\/projetos\/bendo-abertura\/wp-content\/uploads\/2023\/03\/galeriasaa-Copia.png\" alt=\"galeriasaa - Copia\" \/><\/figure><\/div><div class=\"swiper-slide\"><figure class=\"swiper-slide-inner\"><img decoding=\"async\" class=\"swiper-slide-image\" src=\"https:\/\/agencialiderdigital.dev.br\/projetos\/bendo-abertura\/wp-content\/uploads\/2023\/03\/galeriasaa.png\" alt=\"galeriasaa\" \/><\/figure><\/div>\t\t\t<\/div>\n\t\t\t\t\t\t\t\t\t\t\t\t<div class=\"swiper-pagination\"><\/div>\n\t\t\t\t\t\t\t\t\t\t\t\t\t<\/div>\n\t\t\t\t<\/div>\n\t\t\t\t<\/div>\n\t\t\t\t\t<\/div>\n\t\t\t\t<\/div>\n\t\t<div class=\"elementor-element elementor-element-de9922e e-con-boxed e-con\" data-id=\"de9922e\" data-element_type=\"container\" data-settings=\"{&quot;content_width&quot;:&quot;boxed&quot;}\">\n\t\t\t\t\t<div class=\"e-con-inner\">\n\t\t\t\t<div class=\"elementor-element elementor-element-3d87089 elementor-widget__width-auto elementor-widget-mobile__width-auto elementor-position-top elementor-vertical-align-top elementor-widget elementor-widget-image-box\" data-id=\"3d87089\" data-element_type=\"widget\" data-widget_type=\"image-box.default\">\n\t\t\t\t<div class=\"elementor-widget-container\">\n\t\t\t<div class=\"elementor-image-box-wrapper\"><figure class=\"elementor-image-box-img\"><img decoding=\"async\" width=\"57\" height=\"57\" src=\"https:\/\/agencialiderdigital.dev.br\/projetos\/bendo-abertura\/wp-content\/uploads\/2023\/03\/icons-qsm-2.png\" class=\"attachment-full size-full wp-image-499\" alt=\"\" \/><\/figure><div class=\"elementor-image-box-content\"><h3 class=\"elementor-image-box-title\">Tradi\u00e7\u00e3o<\/h3><\/div><\/div>\t\t<\/div>\n\t\t\t\t<\/div>\n\t\t\t\t<div class=\"elementor-element elementor-element-520a765 elementor-widget__width-auto elementor-widget-mobile__width-auto elementor-position-top elementor-vertical-align-top elementor-widget elementor-widget-image-box\" data-id=\"520a765\" data-element_type=\"widget\" data-widget_type=\"image-box.default\">\n\t\t\t\t<div class=\"elementor-widget-container\">\n\t\t\t<div class=\"elementor-image-box-wrapper\"><figure class=\"elementor-image-box-img\"><img decoding=\"async\" width=\"87\" height=\"55\" src=\"https:\/\/agencialiderdigital.dev.br\/projetos\/bendo-abertura\/wp-content\/uploads\/2023\/03\/icons-qsm-3.png\" class=\"attachment-full size-full wp-image-500\" alt=\"\" \/><\/figure><div class=\"elementor-image-box-content\"><h3 class=\"elementor-image-box-title\">Comprometimento<\/h3><\/div><\/div>\t\t<\/div>\n\t\t\t\t<\/div>\n\t\t\t\t<div class=\"elementor-element elementor-element-a34240d elementor-widget__width-auto elementor-widget-mobile__width-auto elementor-position-top elementor-vertical-align-top elementor-widget elementor-widget-image-box\" data-id=\"a34240d\" data-element_type=\"widget\" data-widget_type=\"image-box.default\">\n\t\t\t\t<div class=\"elementor-widget-container\">\n\t\t\t<div class=\"elementor-image-box-wrapper\"><figure class=\"elementor-image-box-img\"><img decoding=\"async\" width=\"71\" height=\"71\" src=\"https:\/\/agencialiderdigital.dev.br\/projetos\/bendo-abertura\/wp-content\/uploads\/2023\/03\/icons-qsm-4.png\" class=\"attachment-full size-full wp-image-501\" alt=\"\" \/><\/figure><div class=\"elementor-image-box-content\"><h3 class=\"elementor-image-box-title\">Dedica\u00e7\u00e3o<\/h3><\/div><\/div>\t\t<\/div>\n\t\t\t\t<\/div>\n\t\t\t\t<div class=\"elementor-element elementor-element-d0919c5 elementor-widget__width-auto elementor-widget-mobile__width-auto elementor-position-top elementor-vertical-align-top elementor-widget elementor-widget-image-box\" data-id=\"d0919c5\" data-element_type=\"widget\" data-widget_type=\"image-box.default\">\n\t\t\t\t<div class=\"elementor-widget-container\">\n\t\t\t<div class=\"elementor-image-box-wrapper\"><figure class=\"elementor-image-box-img\"><img decoding=\"async\" width=\"52\" height=\"56\" src=\"https:\/\/agencialiderdigital.dev.br\/projetos\/bendo-abertura\/wp-content\/uploads\/2023\/03\/icons-qsm-5.png\" class=\"attachment-full size-full wp-image-502\" alt=\"\" \/><\/figure><div class=\"elementor-image-box-content\"><h3 class=\"elementor-image-box-title\">Excel\u00eancia<\/h3><\/div><\/div>\t\t<\/div>\n\t\t\t\t<\/div>\n\t\t\t\t<div class=\"elementor-element elementor-element-645e2c2 elementor-widget__width-auto elementor-widget-mobile__width-auto elementor-position-top elementor-vertical-align-top elementor-widget elementor-widget-image-box\" data-id=\"645e2c2\" data-element_type=\"widget\" data-widget_type=\"image-box.default\">\n\t\t\t\t<div class=\"elementor-widget-container\">\n\t\t\t<div class=\"elementor-image-box-wrapper\"><figure class=\"elementor-image-box-img\"><img decoding=\"async\" width=\"52\" height=\"60\" src=\"https:\/\/agencialiderdigital.dev.br\/projetos\/bendo-abertura\/wp-content\/uploads\/2023\/03\/icons-qsm-1.png\" class=\"attachment-full size-full wp-image-503\" alt=\"\" \/><\/figure><div class=\"elementor-image-box-content\"><h3 class=\"elementor-image-box-title\">Seguran\u00e7a<\/h3><\/div><\/div>\t\t<\/div>\n\t\t\t\t<\/div>\n\t\t\t\t\t<\/div>\n\t\t\t\t<\/div>\n\t\t<div class=\"elementor-element elementor-element-9295d6e e-con-boxed e-con\" data-id=\"9295d6e\" data-element_type=\"container\" data-settings=\"{&quot;background_background&quot;:&quot;classic&quot;,&quot;content_width&quot;:&quot;boxed&quot;}\">\n\t\t\t\t\t<div class=\"e-con-inner\">\n\t\t\t\t\t<\/div>\n\t\t\t\t<\/div>\n\t\t\t\t\t\t\t<\/div>\n\t\t","protected":false},"excerpt":{"rendered":"<p>Desde 2020 distribuindo pe\u00e7as, acess\u00f3rios e insumos agr\u00edcolas! Uma empresa do Grupo Bendo. Atualmente o seguimento possui duas lojas, uma localizada no munic\u00edpio de Ermo\/SC (anexo a matriz do Grupo Bendo) e outra na cidade de Ararangu\u00e1\/SC. A Bendo Distribuidora Agroparts atua no mercado desde 2020, distribuindo insumos agr\u00edcolas, pe\u00e7as e acess\u00f3rios para caminh\u00f5es e [&hellip;]<\/p>\n","protected":false},"author":1,"featured_media":0,"parent":0,"menu_order":0,"comment_status":"closed","ping_status":"closed","template":"elementor_header_footer","meta":{"_joinchat":[],"footnotes":""},"class_list":["post-13","page","type-page","status-publish","hentry","wpbf-post"],"yoast_head":"<!-- This site is optimized with the Yoast SEO plugin v20.3 - https:\/\/yoast.com\/wordpress\/plugins\/seo\/ -->\n<title>quem somos - Bendo Distribuidora<\/title>\n<meta name=\"robots\" content=\"index, follow, max-snippet:-1, max-image-preview:large, max-video-preview:-1\" \/>\n<link rel=\"canonical\" href=\"https:\/\/agencialiderdigital.dev.br\/projetos\/bendo-abertura\/quem-somos\/\" \/>\n<meta property=\"og:locale\" content=\"pt_BR\" \/>\n<meta property=\"og:type\" content=\"article\" \/>\n<meta property=\"og:title\" content=\"quem somos - Bendo Distribuidora\" \/>\n<meta property=\"og:description\" content=\"Desde 2020 distribuindo pe\u00e7as, acess\u00f3rios e insumos agr\u00edcolas! Uma empresa do Grupo Bendo. Atualmente o seguimento possui duas lojas, uma localizada no munic\u00edpio de Ermo\/SC (anexo a matriz do Grupo Bendo) e outra na cidade de Ararangu\u00e1\/SC. A Bendo Distribuidora Agroparts atua no mercado desde 2020, distribuindo insumos agr\u00edcolas, pe\u00e7as e acess\u00f3rios para caminh\u00f5es e [&hellip;]\" \/>\n<meta property=\"og:url\" content=\"https:\/\/agencialiderdigital.dev.br\/projetos\/bendo-abertura\/quem-somos\/\" \/>\n<meta property=\"og:site_name\" content=\"Bendo Distribuidora\" \/>\n<meta property=\"article:modified_time\" content=\"2023-03-20T18:08:12+00:00\" \/>\n<meta property=\"og:image\" content=\"http:\/\/agencialiderdigital.dev.br\/projetos\/bendo-abertura\/wp-content\/uploads\/2023\/03\/logo-qsm.png\" \/>\n<meta name=\"twitter:card\" content=\"summary_large_image\" \/>\n<meta name=\"twitter:label1\" content=\"Est. tempo de leitura\" \/>\n\t<meta name=\"twitter:data1\" content=\"5 minutos\" \/>\n<script type=\"application\/ld+json\" class=\"yoast-schema-graph\">{\"@context\":\"https:\/\/schema.org\",\"@graph\":[{\"@type\":\"WebPage\",\"@id\":\"https:\/\/agencialiderdigital.dev.br\/projetos\/bendo-abertura\/quem-somos\/\",\"url\":\"https:\/\/agencialiderdigital.dev.br\/projetos\/bendo-abertura\/quem-somos\/\",\"name\":\"quem somos - Bendo Distribuidora\",\"isPartOf\":{\"@id\":\"https:\/\/agencialiderdigital.dev.br\/projetos\/bendo-abertura\/#website\"},\"datePublished\":\"2023-03-16T14:26:56+00:00\",\"dateModified\":\"2023-03-20T18:08:12+00:00\",\"breadcrumb\":{\"@id\":\"https:\/\/agencialiderdigital.dev.br\/projetos\/bendo-abertura\/quem-somos\/#breadcrumb\"},\"inLanguage\":\"pt-BR\",\"potentialAction\":[{\"@type\":\"ReadAction\",\"target\":[\"https:\/\/agencialiderdigital.dev.br\/projetos\/bendo-abertura\/quem-somos\/\"]}]},{\"@type\":\"BreadcrumbList\",\"@id\":\"https:\/\/agencialiderdigital.dev.br\/projetos\/bendo-abertura\/quem-somos\/#breadcrumb\",\"itemListElement\":[{\"@type\":\"ListItem\",\"position\":1,\"name\":\"In\u00edcio\",\"item\":\"https:\/\/agencialiderdigital.dev.br\/projetos\/bendo-abertura\/\"},{\"@type\":\"ListItem\",\"position\":2,\"name\":\"quem somos\"}]},{\"@type\":\"WebSite\",\"@id\":\"https:\/\/agencialiderdigital.dev.br\/projetos\/bendo-abertura\/#website\",\"url\":\"https:\/\/agencialiderdigital.dev.br\/projetos\/bendo-abertura\/\",\"name\":\"Bendo Distribuidora\",\"description\":\"Bendo Distribuidora\",\"potentialAction\":[{\"@type\":\"SearchAction\",\"target\":{\"@type\":\"EntryPoint\",\"urlTemplate\":\"https:\/\/agencialiderdigital.dev.br\/projetos\/bendo-abertura\/?s={search_term_string}\"},\"query-input\":\"required name=search_term_string\"}],\"inLanguage\":\"pt-BR\"}]}<\/script>\n<!-- \/ Yoast SEO plugin. -->","yoast_head_json":{"title":"quem somos - Bendo Distribuidora","robots":{"index":"index","follow":"follow","max-snippet":"max-snippet:-1","max-image-preview":"max-image-preview:large","max-video-preview":"max-video-preview:-1"},"canonical":"https:\/\/agencialiderdigital.dev.br\/projetos\/bendo-abertura\/quem-somos\/","og_locale":"pt_BR","og_type":"article","og_title":"quem somos - Bendo Distribuidora","og_description":"Desde 2020 distribuindo pe\u00e7as, acess\u00f3rios e insumos agr\u00edcolas! Uma empresa do Grupo Bendo. Atualmente o seguimento possui duas lojas, uma localizada no munic\u00edpio de Ermo\/SC (anexo a matriz do Grupo Bendo) e outra na cidade de Ararangu\u00e1\/SC. A Bendo Distribuidora Agroparts atua no mercado desde 2020, distribuindo insumos agr\u00edcolas, pe\u00e7as e acess\u00f3rios para caminh\u00f5es e [&hellip;]","og_url":"https:\/\/agencialiderdigital.dev.br\/projetos\/bendo-abertura\/quem-somos\/","og_site_name":"Bendo Distribuidora","article_modified_time":"2023-03-20T18:08:12+00:00","og_image":[{"url":"http:\/\/agencialiderdigital.dev.br\/projetos\/bendo-abertura\/wp-content\/uploads\/2023\/03\/logo-qsm.png"}],"twitter_card":"summary_large_image","twitter_misc":{"Est. tempo de leitura":"5 minutos"},"schema":{"@context":"https:\/\/schema.org","@graph":[{"@type":"WebPage","@id":"https:\/\/agencialiderdigital.dev.br\/projetos\/bendo-abertura\/quem-somos\/","url":"https:\/\/agencialiderdigital.dev.br\/projetos\/bendo-abertura\/quem-somos\/","name":"quem somos - Bendo Distribuidora","isPartOf":{"@id":"https:\/\/agencialiderdigital.dev.br\/projetos\/bendo-abertura\/#website"},"datePublished":"2023-03-16T14:26:56+00:00","dateModified":"2023-03-20T18:08:12+00:00","breadcrumb":{"@id":"https:\/\/agencialiderdigital.dev.br\/projetos\/bendo-abertura\/quem-somos\/#breadcrumb"},"inLanguage":"pt-BR","potentialAction":[{"@type":"ReadAction","target":["https:\/\/agencialiderdigital.dev.br\/projetos\/bendo-abertura\/quem-somos\/"]}]},{"@type":"BreadcrumbList","@id":"https:\/\/agencialiderdigital.dev.br\/projetos\/bendo-abertura\/quem-somos\/#breadcrumb","itemListElement":[{"@type":"ListItem","position":1,"name":"In\u00edcio","item":"https:\/\/agencialiderdigital.dev.br\/projetos\/bendo-abertura\/"},{"@type":"ListItem","position":2,"name":"quem somos"}]},{"@type":"WebSite","@id":"https:\/\/agencialiderdigital.dev.br\/projetos\/bendo-abertura\/#website","url":"https:\/\/agencialiderdigital.dev.br\/projetos\/bendo-abertura\/","name":"Bendo Distribuidora","description":"Bendo Distribuidora","potentialAction":[{"@type":"SearchAction","target":{"@type":"EntryPoint","urlTemplate":"https:\/\/agencialiderdigital.dev.br\/projetos\/bendo-abertura\/?s={search_term_string}"},"query-input":"required name=search_term_string"}],"inLanguage":"pt-BR"}]}},"_links":{"self":[{"href":"https:\/\/agencialiderdigital.dev.br\/projetos\/bendo-abertura\/wp-json\/wp\/v2\/pages\/13","targetHints":{"allow":["GET"]}}],"collection":[{"href":"https:\/\/agencialiderdigital.dev.br\/projetos\/bendo-abertura\/wp-json\/wp\/v2\/pages"}],"about":[{"href":"https:\/\/agencialiderdigital.dev.br\/projetos\/bendo-abertura\/wp-json\/wp\/v2\/types\/page"}],"author":[{"embeddable":true,"href":"https:\/\/agencialiderdigital.dev.br\/projetos\/bendo-abertura\/wp-json\/wp\/v2\/users\/1"}],"replies":[{"embeddable":true,"href":"https:\/\/agencialiderdigital.dev.br\/projetos\/bendo-abertura\/wp-json\/wp\/v2\/comments?post=13"}],"version-history":[{"count":55,"href":"https:\/\/agencialiderdigital.dev.br\/projetos\/bendo-abertura\/wp-json\/wp\/v2\/pages\/13\/revisions"}],"predecessor-version":[{"id":552,"href":"https:\/\/agencialiderdigital.dev.br\/projetos\/bendo-abertura\/wp-json\/wp\/v2\/pages\/13\/revisions\/552"}],"wp:attachment":[{"href":"https:\/\/agencialiderdigital.dev.br\/projetos\/bendo-abertura\/wp-json\/wp\/v2\/media?parent=13"}],"curies":[{"name":"wp","href":"https:\/\/api.w.org\/{rel}","templated":true}]}}